4. Calculate w(0).
-3
Let p(b) = -87*b**3 - 23*b**2 + 37*b - 39. Let w(g) = 122*g**3 + 34*g**2 - 56*g + 59. Let m(l) = 7*p(l) + 5*w(l). Give m(-11).
11
Let o(i) be the first derivative of i + 10 + 1/2*i**2. Suppose 0 = -c - 0*c - 6. What is o(c)?
-5
Let o(y) = y - 4. Let t(p) = -p + 3. Suppose -4*c - 2*f - 1 = -29, -3*f + 6 = 0. Let g(b) = c*t(b) + 5*o(b). What is g(5)?
-7
Let o(w) = w**3 + 10*w**2 + 10*w + 14. Let v(x) = -12*x - 597. Let c be v(-49). Determine o(c).
5
Let z(o) = o**2 + 10*o - 13. Let f(m) = m**3 + 4*m**2 - m - 4. Let t be f(-4). Suppose 5*y - 9*y + 32 = t. Let i be (2/(-6))/(y + (-1841)/231). Determine z(i).
-2
Let i(j) = -j**3 - 3*j**2 + 7*j + 5. Suppose -83 - 133 = -18*m. Let h(y) = y**3 - 13*y**2 + 12*y - 4. Let o be h(m). Calculate i(o).
-7
Suppose -y - 19 = -3*k + 4, 18*y + 43 = k. Let x(u) = -u - 5. Let c(n) = -2*n - 11. Let t(s) = 2*c(s) - 5*x(s). Give t(k).
10
Let i(u) be the third derivative of 0*u + 168 + 2*u**2 + 1/3*u**4 - 4/3*u**3. Determine i(1).
0
Let o(w) = 4*w. Let n = -418 + 744. Suppose 5*s + 249 + n = -5*m, 3*s + 350 = 2*m. Let k be 2/8 - (-261)/s. Calculate o(k).
-8
Suppose -5*d - d + 12 = 0. Let b(k) = -k**2 - 13 - 1350*k + 0*k**d + 1339*k. Give b(-10).
-3
Suppose 0 = 4*q, 3*r - 3*q + 5 + 4 = 0. Let s be r - -1 - (-7 - -1). Let b(y) = 4*y - 10. Give b(s).
6
Let g(o) = 2*o**2 + 16*o + 5. Let h(v) = -233*v - 707. Let m be h(-3). Give g(m).
5
Suppose 0*y = -15*y - 6645. Let w = y + 452. Let a(n) = n**2 - 12*n + 9. Give a(w).
-18
Let o(v) = 95 + 32 - 49*v + 28 + 63*v + 20. Determine o(-13).
-7
Let h be -1 + ((-2)/1)/(-2). Let x(a) be the second derivative of -13/2*a**2 - 4*a - 11 - 1/6*a**3 + 1/12*a**4. Calculate x(h).
-13
Let l(o) be the third derivative of o**4/24 - 13*o**3/6 - 3*o**2 + 46*o. Determine l(7).
-6
Let u(q) = -4 + 4*q**2 - 9*q**2 + 6*q**2. Suppose 116*d = 120*d - 16. What is u(d)?
12
Let y(w) = -5*w**3 + 4*w**3 - 3 + 0*w**3. Let x be (15 - 38)/((-3)/39). Let s = 299 - x. Determine y(s).
-3
Let k(m) = 2*m**2 + 6*m + 14. Suppose -5*w - 2*d + 17 = 59, 0 = 3*d + 3. What is k(w)?
94
Suppose 9*k = 44*k - 70. Let j(f) = 2*f + 4. Let g be j(-2). Let n(o) = 56 + 2*o**2 - 55 - 4*o + g*o**k. Determine n(3).
7
Let b(h) = h**2 + 6*h + 7. Let n(d) = -1210*d + 1223*d + 2 - 9. Let y be n(0). What is b(y)?
14
Suppose 10 + 2 = 6*h. Let q be 3/((-266)/136 - -2). Let u(k) = -134*k**3 - 5*k**h + 67*k**3 + q*k**3 + 0 + 3. Give u(5).
3
Let f(m) = -m**3 + m**2 + 2*m + 3. Let k = 55 + -14. Suppose 5*p + 235 = 4*s, p - 2*s = -63 + 10. Let u = k + p. Calculate f(u).
11
Let r(m) = -3463*m**2 + 9 + 6*m + 826*m**2 + 2638*m**2. Suppose 3*i = -5*w - 4 - 1, i = 5. What is r(w)?
1
Let z(o) = 17*o**2 - 2013 + 11*o + o**3 - 25*o**2 + 2005. What is z(7)?
20
Let k(t) = 2*t**3 + 2*t**2 - 2*t - 2. Let o(d) = 9*d**3 - d**2 + 11*d + 14. Let q(c) = 5*k(c) - o(c). Determine q(-13).
-89
Let n(b) = 4*b + 13. Let y(g) = -2*g - 7. Let t(m) = 6*n(m) + 11*y(m). Let c(j) = 5*j + 8. Let f(q) = -c(q) + 5*t(q). What is f(-5)?
-28
Let m(v) = -2*v**2 + 4*v. Let y = -24 - -44. Suppose -z + 6*z + y = 0, 5*n + 3*z = 18. Suppose -2*p + 0*p = -n. Calculate m(p).
-6
Let n(g) = 12*g - 27 - 22994*g**2 + 170 + 22993*g**2. Give n(19).
10
Suppose 0 = -22*p + 16*p + 42. Suppose 0 = -5*f + y, -23 = -2*f + p*y - 2*y. Let b(j) = 6*j - 2. What is b(f)?
-8
Let y(l) = -3*l**3 - 6 - 5*l + 60353*l**2 - 60356*l**2 + 7 - 3. Calculate y(-2).
20
Let i(z) be the second derivative of z**5/20 + 3*z**4/4 + 5*z**3/6 - 5*z**2 - 15*z. Let w(r) = -r**2 + 41*r - 8. Let q be w(41). Calculate i(q).
14
Let y(k) be the first derivative of -4*k + k**3 - 1/4*k**4 + 5/2*k**2 - 6. Determine y(4).
0
Suppose 11*a - 31*a = -3660. Let w = -179 + a. Let g(k) = -6*k + 2. Let o(i) = 3*i - 1. Let b(d) = 6*g(d) + 13*o(d). Give b(w).
11
Suppose -4*m + 1 = -15. Suppose 11 = -3*n + 20. Let r(i) = 55 - i**n - 51 + i + 2*i**2 + i**2. Determine r(m).
-8
Let f = -14 - -9. Let i(k) = -9035*k**2 + 9034*k**2 - 184*k + 179*k + 2 - 8. Calculate i(f).
-6
Let z(y) = y**3 + 4*y**2 - 6*y - 3. Let s be z(3). Suppose -39*t + s*t - 6 = 0. Suppose 2*i + 4 + 0 = t*h, -2*i = -h + 1. Let f(b) = -3*b. Determine f(i).
-3
Let t(g) = 5*g**2 + 21 + 3 + 3 + 6 - 37 + 5*g. Give t(-3).
26
Let r = -31494 - -31501. Let q(x) = x**3 - 10*x**2 + 13*x + 9. What is q(r)?
-47
Let p = -184 - -186. Let v(g) = 8*g**2 - 3*g**2 - 17*g**2 + g**3 + 4*g**p - 3*g - 3. Determine v(8).
-27
Let c(z) = 12 + z**3 - 21*z + 19*z - z - 12. Determine c(-3).
-18
Suppose -42 = 67*i - 70*i. Let d be (-135)/(-36)*(-2 - i/(-3)). Let z(f) = f**2 - 11*f + 4. Determine z(d).
-6
Suppose 0 = -23*v + 27*v. Let t(y) be the first derivative of y**2/2 - y - 585. Calculate t(v).
-1
Let s(f) = -f**3 + 6*f**2 + 13*f - 36. Suppose 218 = 13*y + 127. Give s(y).
6
Let n(c) = -132*c - 5 + 65*c + 62*c. Suppose 0 = -4*f - r - 13, -3*f - 10 = -2*f - 2*r. Let q(b) = 6*b + 6. Let u(p) = f*q(p) - 5*n(p). What is u(4)?
5
Let p(z) = 6*z**2 + 5*z - 3. Let s be p(-4). Let q = s - 57. Suppose 0 = -c - 4*y + y - q, 3*y + 14 = c. Let n(d) = -8*d**3 - d**2 + d + 1. What is n(c)?
7
Let z(u) = 7*u**2 - 10*u + 40. Let t be z(5). Let l = 170 - t. Let y(h) = -2*h. Determine y(l).
-10
Let n = -128 - -136. Suppose 2*v = -4*q - 16, 0 = 5*q + 2*v + 10 + n. Let w be q*(1 - 4)/(-3). Let r(x) = x**3 + x + 1. Calculate r(w).
-9
Let c(b) = 12*b + 210. Let v(d) = 2*d + 27. Let r(f) = c(f) - 8*v(f). Suppose 2*k + 0*k + 2 = 0. Let z = -4 + k. What is r(z)?
14
Let x(c) = 2*c + 6. Let h be -5 + 6 - (2 + (-1 - -3)). Let b be (-7 + -5)*h/2. Suppose 11*k - b = 14*k. Determine x(k).
-6
Suppose -5*k - 65 = 5*s, 0 = -18*k + 19*k - s + 7. Let a(h) = h**2 + 7*h - 20. What is a(k)?
10
Let y = -545 + 597. Suppose -8 = -22*d - y. Let a(w) = w**3 - 3*w**2 + 6*w. Let g(p) = p**2 - p + 1. Let h(k) = -a(k) - 3*g(k). What is h(d)?
11
Let l(d) = -3*d - 5. Suppose 10*x = 152*x + 142. Determine l(x).
-2
Let n(a) = -a**3 + 14*a**2 + 54*a - 49. Let h be n(17). Let b(m) be the third derivative of 2*m**5/15 - m**4/24 - m**3/3 + 2*m**2. Determine b(h).
28
Suppose 36 = 3*y - 3*a, -14*y + 125 + 83 = -4*a. Let v(j) = j**3 - 17*j**2 + 13*j - 14. Determine v(y).
-62
Let d(x) = 6*x - 14. Let l(k) = 5*k**3 + 5*k**2 - 12*k + 6. Let f be l(1). Give d(f).
10
Let u be (-184 + 183)/((6/14)/3). Let w(v) = v**2 - v - 4. Determine w(u).
52
Suppose 2*d = -5*g - 0*d + 20, 2*d = -10. Let x(n) = -g - 4*n + 11 - 3 + n**2 - 8. Suppose 0 = 40*m - 34*m - 36. Give x(m).
6
Let q(p) = -p - 4. Let t(r) = -5*r + 76 + 17 + 10*r + 21. Let z be t(-22). Calculate q(z).
-8
Suppose 3*z + 7 = 2*z - 2*s, -z = s + 2. Let d(a) = -2*a**2 + 1 + 54*a**z - 55*a**3 + 7*a**2. Calculate d(5).
1
Let w(b) = 2*b + 394 + 471 - 816 + 2*b. Determine w(-13).
-3
Let p(f) = 63*f**2 + 78*f + 87. Let v(b) = 45*b**2 + 56*b + 62. Let i(n) = -13*p(n) + 18*v(n). Calculate i(-3).
-78
Let k be (16/(-24))/(4/6). Let j(r) = -18*r - 4. Determine j(k).
14
Let p(i) = -23*i**3 - 25*i**2 - 33*i - 34. Let t(b) = 3*b**3 + 3*b**2 + 4*b + 4. Let g(w) = 2*p(w) + 17*t(w). What is g(-3)?
-132
Let y(h) = -2*h**3 - 22*h**2 + 25*h + 10. Let p(s) = -14*s - 362. Let i be p(-25). Calculate y(i).
-2
Let s be 4/6 + -11 + (-275)/(-33). Let i(a) = 4*a**2 + 19*a + 8. Let v(g) = -3*g**2 - 15*g - 7. Let k(x) = -2*i(x) - 3*v(x). Calculate k(s).
-5
Let y(m) = m**3 + 9*m**2 + 8*m - 5. Let s = -26 - -29. Suppose j = -s*j. Suppose 3*i - 4*n = -3 - 5, -n - 4 = j. Determine y(i).
-5
Let s(y) = -29*y**3 + 3*y**2 + 6*y**2 - 175*y + 0 + 4 + 170*y. Let m(t) = 7*t**3 - 2*t**2 + t - 1. Let l(x) = -9*m(x) - 2*s(x). Calculate l(-1).
5
Let x(r) = 10*r - 8. Let u be (-164)/1804 - 86/22. Calculate x(u).
-48
Let w(b) = -b**2 + 2*b + 123. Let f be w(0). Let h(r) = -122*r**3 + 7*r**2 - 3*r + 0 + f*r**3 + 1 - 5. Calculate h(-7).
17
Let a(l) = l**2 + 13*l - 5. Let x be a(-13). Let d(q) be the third derivative of -q**4/24 - 4*q**3/3 - 185*q**2 - 2. Determine d(x).
-3
Let r be (4/(-6))/((52/96)/(-13)). Suppose -t - 5*f = 20, -7*t - r = -4*t + 4*f. Suppose -46*x + 41*x + 5 = t. Let h(o) = 19*o**3 - 2*o + 1. Determine h(x).
18
Let a(d) = d**3 + 3*d**2 - 4*d. Suppose -5*t - 15 = 0, 3*w = 5*t + 145 - 37. Let x(u) = u - 4. Let k be x(24). Suppose -36*s = -w*s + k. Calculate a(s).
0
Let c(f) be the third derivative of -f**5/30 - 37*f**4/24 - 47